p) = p**2 + p + 3. Calculate o(a).
9
Let s be (-2)/7 + (-115)/(-35). Suppose -10 = -4*b - 2*n, -4*b + 8 = -0*n + 4*n. Let j(g) = 2*g**b - 2 + 0*g**3 - 3*g**s + g**2. Give j(0).
-2
Let o(h) = -h - 1. Let i(c) = -c**2 + 1. Let q be i(1). What is o(q)?
-1
Suppose 9*t = 4*t. Let x(j) = -j**2 - 7. What is x(t)?
-7
Let f(b) = 4*b - 1. Let q(i) = i. Let m(p) = f(p) - 2*q(p). Calculate m(5).
9
Let i(o) = o**2 - o - 1. Suppose 5*f = 3 - 8. Let z(c) = -c**2 + 3*c - 2. Let s be z(2). Let g = f - s. What is i(g)?
1
Let w(o) = 1 - 3*o**2 + 8*o**2 + 8*o - 6*o. Give w(-1).
4
Let q(f) be the second derivative of -f**4/24 - 7*f**3/6 + 3*f**2/2 + 2*f. Let z(s) be the first derivative of q(s). Calculate z(-4).
-3
Let z(f) = 6*f**2 + 2*f + 1. Let o be (4/(-10))/((-7)/(-210)). Let n = 5 + o. Let h = n - -6. Determine z(h).
5
Suppose 2*u + 0 = -2. Let s be (0 - -1)*(-1 + u). Let l(q) = -q**3 + q**2 - q + 2. Let f(c) = -c**3 - c + 2. Let k(o) = -4*f(o) + 3*l(o). Calculate k(s).
0
Suppose 0 = 3*l + 4*s - 25, 4*l - 3*l = 4*s + 3. Let p(j) = -j**3 + 6*j**2 + 6*j + 3. Determine p(l).
-4
Let a = 2 + -5. Let i(r) = r**2 - r. Let y(u) = u**2 + u. Let d(m) = i(m) - 3*y(m). What is d(a)?
-6
Let k(m) = 4*m**2 - 3*m + 5*m**2 - 7*m**2 + m**3 + 47 - 46. Let a = 4 + -7. What is k(a)?
1
Let p = -19 + 13. Let n(t) = -t**3 - 7*t**2 + t - 7. Let o(g) = -g**2 - 1. Let x(a) = p*o(a) + n(a). Determine x(0).
-1
Let i(k) = -16 + 10 - 4*k + 3. Calculate i(-6).
21
Let j(g) = g - 2. Suppose 5*y - 2 = 4*y. Suppose 2 - 6 = -y*s. Suppose -b + 12 = s*b. What is j(b)?
2
Let n be 19/(-4) + (-3)/12. Let o(m) = m**3 + 5*m**2 + m + 7. Let j be o(n). Let r(h) = -h**2 - 1. Calculate r(j).
-5
Let l(b) = 18*b - 2 - 15*b + 0 + 3. Calculate l(-1).
-2
Let n(w) = -w**2 + w. Let b(o) = -o**3 - 3*o**2 + o + 6. Let m = 3 + -2. Let q = 0 + m. Let k(s) = q*b(s) - 2*n(s). Give k(0).
6
Suppose 5*t + 4*w - 15 + 4 = 0, 0 = 3*t + 3*w - 9. Let l(c) = -8*c**3 - c. Give l(t).
9
Let u(s) be the first derivative of -s**3/6 + 5*s**2/2 - 9*s - 8. Let p(w) be the first derivative of u(w). Give p(5).
0
Let v(m) = -1 + 2*m**2 + 6*m**2 + 5 - 3. Calculate v(-1).
9
Suppose 2*k + 7 = -c - 2, -6 = 4*k - 2*c. Let y(z) = -5 - 1 + 10 + 4*z. Calculate y(k).
-8
Let i = 10 - 13. Let m(u) = 2*u**2 + 7*u - 5. Let j(g) = -3*g**2 + 6 - 7*g + 3 - 4. Let r(z) = i*j(z) - 4*m(z). What is r(5)?
-5
Suppose d = 3 + 2. Let o(r) = r + 3*r**2 - d*r**2 + 3*r**2 + 0*r**2 - 1. What is o(-3)?
5
Let z(p) be the third derivative of p**6/120 + p**5/60 - p**4/8 - p**3/2 + 19*p**2. What is z(-2)?
-1
Let x(t) = t**3 - 6*t**2 - 10 - 9*t - 2*t**3 + 13*t. What is x(-7)?
11
Let p = 85 + -83. Let r(l) be the second derivative of -l**3/6 + l**2/2 + l. Give r(p).
-1
Let c(d) = -2*d**3 - 13*d**2 + 9*d - 6. Let s(x) = x**3 + 7*x**2 - 5*x + 3. Let i(p) = 3*c(p) + 5*s(p). Calculate i(-4).
-11
Let r(g) = 4*g**3 + 4*g**2 - 7*g + 8. Let j = 11 - 17. Let w(m) = -5*m**3 - 5*m**2 + 8*m - 9. Let y(o) = j*r(o) - 5*w(o). What is y(2)?
13
Let n(y) = 2*y**3 - 9*y**2 + 13*y + 2. Let w(l) = l**3 - 4*l**2 + 6*l + 1. Let r(z) = 4*n(z) - 9*w(z). What is r(-1)?
2
Let j(i) = -i**2 - 9*i - 1. Let b be (15/3 - 2)*(-40)/15. What is j(b)?
7
Let j = -5 + -1. Let s(v) = 4*v + 6. Let y(f) = f + 1. Let g(m) = j*y(m) + 2*s(m). Calculate g(-6).
-6
Let k(n) = 3*n + 6. Let z(w) = 8 + 6*w**2 - 3*w**3 + 4*w**2 + 11*w + w**2 + 2*w**3. Let o be z(12). Give k(o).
-6
Let n = -13 + 18. Let l(i) = 2*i**2 + 9*i - 4. Let d(h) = 3*h**2 + 10*h - 3. Let k(p) = 3*d(p) - 4*l(p). Give k(n).
2
Let l(d) = d**3 - 5*d**2 - 7*d + 5. Suppose u + 2*w = 9, -3*u - 13 = -3*w - w. Let z(x) = 6*x. Let g be z(u). Calculate l(g).
-1
Let n(a) be the second derivative of -a**3/3 - a**2 - 15*a. Determine n(-4).
6
Let m(c) be the third derivative of 0*c + 1/60*c**5 + c**2 + 0*c**3 + 1/24*c**4 + 0. Let i(w) = 2*w + 7. Let u be i(-5). What is m(u)?
6
Suppose -3*y = -5*m - 24, 2*m - 3*m - 16 = 5*y. Let p(d) = -11 - 6 + 40 + d**2 + 8*d - 15. What is p(m)?
-4
Suppose 4*u + 17 = u - l, -3*u - 37 = 5*l. Let n(k) = -3*k - 8. Let z(a) = 4*a + 12. Let i(o) = 8*n(o) + 5*z(o). What is i(u)?
12
Suppose 0 = -3*a - 8 - 1. Let u = a + 7. Let v = -1 + u. Let d(w) = w**3 - 2*w**2 - w - 3. Give d(v).
3
Suppose -p = 4*p. Suppose p*y - 3*a = y - 11, -3*y + 12 = 2*a. Let d(g) = 0*g + y + 0*g + g. What is d(2)?
4
Suppose 5*c = -16 - 4. Let u(f) be the second derivative of -f**3/2 - 3*f**2 + 5*f. Determine u(c).
6
Let r be 0*(-2 + (-15)/(-6)). Let p(n) = 2*n + 0*n - 3*n + r*n + 8. Calculate p(6).
2
Let l be 2 + -2 - 3/1. Let v(b) = 3*b**2 + 2*b**2 - 3*b**2 - 4*b + 2*b**3 - b**3. What is v(l)?
3
Let c(k) = -7*k + 78 - k**3 - 78 - 7*k**2. Suppose 6 = 2*s + 18. Give c(s).
6
Let z(c) = 1 + c**2 - 3 - 9*c - 6. Let x be z(10). Let b(n) = 4*n + 1. Determine b(x).
9
Let m(i) = -i - 1. Let h(l) = -11*l**2 + 44*l + 44. Let c(s) = h(s) + 44*m(s). Give c(1).
-11
Let o(p) be the third derivative of p**5/60 + p**4/8 - 2*p**3/3 - 7*p**2. Give o(-5).
6
Let j(p) = -p**3 - 4*p**2 + 3. Let l be 6/((-3)/(9/6)). Give j(l).
-6
Suppose -4*d = -3*u - 11, 4*u - 5*d - 2 = -16. Let m(a) = -11*a**3 + 2*a**2 + a. Determine m(u).
12
Let t(l) = 7*l**2 - 1. Let h = -7 - -11. Let s = h - 2. Suppose 3 = -5*d - s. Give t(d).
6
Let w(x) be the second derivative of -x**3/6 - 2*x**2 - 2*x. Let g be w(-6). Let m(d) = -2*d**3 + d**3 + g + 5*d**2 + d + 0*d**3. Give m(5).
7
Let j = 31 - 34. Let g(h) = h + 4. Give g(j).
1
Let n(t) = t**2 + 16*t + 15. Let f be n(-15). Let o(p) = -p + 10. Give o(f).
10
Let b(x) = 4 - 8 - x - 3 - 5. Give b(-6).
-6
Let k(a) = -2*a - 9. Let y be ((-6)/(-9))/(4/(-42)). Determine k(y).
5
Let t(k) = 5*k + 6. Let p(b) be the first derivative of 3*b**2 + 7*b - 1. Let h(z) = -4*p(z) + 5*t(z). Let v = 12 - 7. Determine h(v).
7
Suppose 0 = -4*o - 4*z + 28, 2*z = 3*o - 0 - 1. Let c(p) be the second derivative of p**2 + 2/3*p**o - 2*p + 0. Determine c(-2).
-6
Let h(l) = -2*l - 1. Let t(u) = -u - 1. Let k(y) = -5*h(y) + 7*t(y). Suppose 6 = 3*n - n. Determine k(n).
7
Let z(l) = -l - 9. Let t be z(-11). Let h(k) be the second derivative of -k**3/3 - k**2/2 - 2*k. Calculate h(t).
-5
Let u(s) be the first derivative of 2/3*s**3 + 1 + s**2 - 3*s. Determine u(-3).
9
Let d(v) = -1. Let u(i) be the third derivative of 0 + 0*i - 1/6*i**3 + 1/24*i**4 - i**2 - 1/20*i**5 + 1/120*i**6. Let r(t) = d(t) - u(t). Calculate r(2).
2
Let q(x) = 4*x**2 - 3*x - 3. Let z(j) = -9*j**2 + 7*j + 7. Let w(g) = -5*q(g) - 2*z(g). Determine w(2).
-5
Let j(k) = -6*k - 5 - 11*k + 8*k - k**2. Determine j(-6).
13
Let u = 1 + 0. Let l be 0 - ((-12)/u - 2). Suppose 5*p = -2*y + l, -3*p - y = -0*y - 8. Let o(h) = -2*h + 3. Give o(p).
-1
Suppose 4*c - 4*w = -w - 16, -w = 3*c + 25. Let s(j) = j - 3. Give s(c).
-10
Let x(g) be the second derivative of -g**4/12 + g**3/3 + 3*g**2/2 + 2*g. Calculate x(4).
-5
Let x be (1/1 + -6)*-2. Suppose 2*o + 2*p = x, -2*o = -0*o + 3*p - 13. Let l(g) = -2*g**o + g**2 + 4*g + 0*g**2 - 1. Determine l(5).
-6
Let f(l) = 2*l**2 + 2*l + 4. Let g(k) = k**2 + k + 3. Let o(w) = -2*f(w) + 3*g(w). Let b(x) = -5*x**2 - 3*x + 5. Let v(y) = -b(y) + 6*o(y). What is v(-3)?
1
Let g(k) be the third derivative of -k**7/840 + k**6/90 + k**5/60 - k**4/4 + k**3/2 + 2*k**2. Let h(b) be the first derivative of g(b). Determine h(4).
2
Let f(a) be the first derivative of -1/2*a**2 + 10*a - 2. Calculate f(5).
5
Let p(q) = q**3 + 4*q**2 - 2*q - 1. Let v be p(-4). Let h be v - (3 + -1 + 0). Let f(n) = -9*n + 29. Let i(z) = 4*z - 14. Let k(m) = 3*f(m) + 7*i(m). Give k(h).
-6
Let a(h) = h**3 - 4*h**2 + 2*h - 3. Suppose -4*r = 4*t, -5*t + 2*t - 5*r - 10 = 0. Suppose -4*d = -2*u + 20 + 6, -t*u + 2*d = -25. What is a(u)?
-6
Let o(t) = -t + 1. Suppose 4*h = -i - i + 10, -5*i - 4*h = -19. Suppose 0 = -a + 2*z - 2 + i, 16 = 4*a - 2*z. Let b be 30/6*(-4)/a. What is o(b)?
5
Let s(g) = 3*g - 5*g + 3*g + 1. Suppose -3*j = -2*o - 0 + 2, 4*j = 3*o - 4. What is s(j)?
3
Suppose q - 10 = -4*q. Let c(s) = 2*s**2 - 6*s - 7. Let h(u) = u**2 - 4*u - 6. Let r(i) = 3*c(i) - 4*h(i). Give r(q).
7
Let m = -4 + 2. Let f(u) = u**2 + u - 4. Let s(y) be the third derivative of y**5/20 + y**4/12 - 4*y**3/3 - 4*y**2. Let q(p) = m*s(p) + 5*f(p). What is q(0)?
-4
Let n be ((-44)/(-12) + -3)*3/2. Let z(u) = 7*u**3 - 2*u + 1. Calculate z(n).
6
Let g